{"id":4481,"date":"2025-10-09T17:23:30","date_gmt":"2025-10-09T15:23:30","guid":{"rendered":"https:\/\/zutun.info\/?post_type=veranstaltungen&#038;p=4481"},"modified":"2025-10-09T17:24:36","modified_gmt":"2025-10-09T15:24:36","slug":"wir-laden-euch-ein","status":"publish","type":"veranstaltungen","link":"https:\/\/zutun.info\/de-ls\/veranstaltungen\/wir-laden-euch-ein\/","title":{"rendered":"Wir laden euch ein!"},"content":{"rendered":"\n<figure class=\"wp-block-image size-large\"><img loading=\"lazy\" decoding=\"async\" width=\"819\" height=\"1024\" src=\"https:\/\/zutun.info\/wp-content\/uploads\/2025\/10\/photo_5393103826027935292_y-819x1024.jpg\" alt=\"\" class=\"wp-image-4482\" srcset=\"https:\/\/zutun.info\/wp-content\/uploads\/2025\/10\/photo_5393103826027935292_y-819x1024.jpg 819w, https:\/\/zutun.info\/wp-content\/uploads\/2025\/10\/photo_5393103826027935292_y-240x300.jpg 240w, https:\/\/zutun.info\/wp-content\/uploads\/2025\/10\/photo_5393103826027935292_y-768x960.jpg 768w, https:\/\/zutun.info\/wp-content\/uploads\/2025\/10\/photo_5393103826027935292_y.jpg 1024w\" sizes=\"auto, (max-width: 819px) 100vw, 819px\" \/><\/figure>\n\n\n\n<p>B! <\/p>\n\n\n\n<p>Der Post zeigt ein Einladungsplakat mit freundlicher, warmer Gestaltung. Der Hintergrund ist in hellen Beige- und Cremet\u00f6nen gehalten. Oben steht in einem wei\u00dfen Balken die \u00dcberschrift in kr\u00e4ftigem Dunkelrot: \u201eWir laden euch ein, unsere neuen R\u00e4umlichkeiten mit uns zusammen einzuweihen!\u201c Darunter folgt der Einladungstext in brauner Schrift: \u201eWir m\u00f6chten euch zu einem lockeren Austausch und Kennenlernen einladen. Es wird Waffeln, Tee und Kaffee gegen Spende geben. \u201c Die Infos \u201eWo?\u201c und \u201eWann?\u201c sind in Braun hervorgehoben, daneben die Adresse (Zollikoferstra\u00dfe 27, 04315 Leipzig) und das Datum (11.10.2025 16:00- 18:00 Uhr). Am unteren Rand ist ein Hinweis in roter Schrift: \u201eFalls ihr oder eure Begleitung Erk\u00e4ltungssymptome habt, dann bleibt bitte daheim! \u2026\u201c Rechts unten eine Illustration: eine wei\u00dfe Kaffeetasse mit schwarzem Kaffee, daneben ein St\u00fcck Waffel mit zwei Erdbeerscheiben. Die Farben sind warm und freundlich, was eine gem\u00fctliche und einladende Stimmung vermitteln soll.&#8221;<\/p>\n","protected":false},"excerpt":{"rendered":"<p>B! Der Post zeigt ein Einladungsplakat mit freundlicher, warmer Gestaltung. Der Hintergrund ist in hellen Beige- und Cremet\u00f6nen gehalten. Oben steht in einem wei\u00dfen Balken die \u00dcberschrift in kr\u00e4ftigem Dunkelrot: \u201eWir laden euch ein, unsere neuen R\u00e4umlichkeiten mit uns zusammen einzuweihen!\u201c Darunter folgt der Einladungstext in brauner Schrift: \u201eWir m\u00f6chten euch zu einem lockeren Austausch [&hellip;]<\/p>\n","protected":false},"featured_media":0,"template":"","thema":[22],"va-kategorie":[49],"class_list":["post-4481","veranstaltungen","type-veranstaltungen","status-publish","hentry","thema-allgemein","va-kategorie-offenes-treffen"],"_links":{"self":[{"href":"https:\/\/zutun.info\/de-ls\/wp-json\/wp\/v2\/veranstaltungen\/4481","targetHints":{"allow":["GET"]}}],"collection":[{"href":"https:\/\/zutun.info\/de-ls\/wp-json\/wp\/v2\/veranstaltungen"}],"about":[{"href":"https:\/\/zutun.info\/de-ls\/wp-json\/wp\/v2\/types\/veranstaltungen"}],"version-history":[{"count":2,"href":"https:\/\/zutun.info\/de-ls\/wp-json\/wp\/v2\/veranstaltungen\/4481\/revisions"}],"predecessor-version":[{"id":4485,"href":"https:\/\/zutun.info\/de-ls\/wp-json\/wp\/v2\/veranstaltungen\/4481\/revisions\/4485"}],"wp:attachment":[{"href":"https:\/\/zutun.info\/de-ls\/wp-json\/wp\/v2\/media?parent=4481"}],"wp:term":[{"taxonomy":"thema","embeddable":true,"href":"https:\/\/zutun.info\/de-ls\/wp-json\/wp\/v2\/thema?post=4481"},{"taxonomy":"va-kategorie","embeddable":true,"href":"https:\/\/zutun.info\/de-ls\/wp-json\/wp\/v2\/va-kategorie?post=4481"}],"curies":[{"name":"wp","href":"https:\/\/api.w.org\/{rel}","templated":true}]}}

<figure class="wp-block-image size-large"><img loading="lazy" decoding="async" width="819" height="1024" src="https://zutun.info/wp-content/uploads/2025/10/photo_5393103826027935292_y-819x1024.jpg" alt="" class="wp-image-4482" srcset="https://zutun.info/wp-content/uploads/2025/10/photo_5393103826027935292_y-819x1024.jpg 819w, https://zutun.info/wp-content/uploads/2025/10/photo_5393103826027935292_y-240x300.jpg 240w, https://zutun.info/wp-content/uploads/2025/10/photo_5393103826027935292_y-768x960.jpg 768w, https://zutun.info/wp-content/uploads/2025/10/photo_5393103826027935292_y.jpg 1024w" sizes="auto, (max-width: 819px) 100vw, 819px" /></figure>



<p>B! </p>



<p>Der Post zeigt ein Einladungsplakat mit freundlicher, warmer Gestaltung. Der Hintergrund ist in hellen Beige- und Cremetönen gehalten. Oben steht in einem weißen Balken die Überschrift in kräftigem Dunkelrot: „Wir laden euch ein, unsere neuen Räumlichkeiten mit uns zusammen einzuweihen!“ Darunter folgt der Einladungstext in brauner Schrift: „Wir möchten euch zu einem lockeren Austausch und Kennenlernen einladen. Es wird Waffeln, Tee und Kaffee gegen Spende geben. “ Die Infos „Wo?“ und „Wann?“ sind in Braun hervorgehoben, daneben die Adresse (Zollikoferstraße 27, 04315 Leipzig) und das Datum (11.10.2025 16:00- 18:00 Uhr). Am unteren Rand ist ein Hinweis in roter Schrift: „Falls ihr oder eure Begleitung Erkältungssymptome habt, dann bleibt bitte daheim! …“ Rechts unten eine Illustration: eine weiße Kaffeetasse mit schwarzem Kaffee, daneben ein Stück Waffel mit zwei Erdbeerscheiben. Die Farben sind warm und freundlich, was eine gemütliche und einladende Stimmung vermitteln soll.&#8221;</p>

<p>B! Der Post zeigt ein Einladungsplakat mit freundlicher, warmer Gestaltung. Der Hintergrund ist in hellen Beige- und Cremetönen gehalten. Oben steht in einem weißen Balken die Überschrift in kräftigem Dunkelrot: „Wir laden euch ein, unsere neuen Räumlichkeiten mit uns zusammen einzuweihen!“ Darunter folgt der Einladungstext in brauner Schrift: „Wir möchten euch zu einem lockeren Austausch [&hellip;]</p>
